 + 3. Let t = -36502 - -36508. What is the remainder when x(s) is divided by t?
2
Let v = 2405 - 2334. What is the remainder when 314 is divided by v?
30
Let b = 278 + -274. Suppose -5*n - s - b*s + 580 = 0, 2*s - 353 = -3*n. What is the remainder when n is divided by 37?
10
Suppose 4*m + d - 164 = 0, -3*d = -4*m - 0*m + 164. Calculate the remainder when m is divided by (-3)/(15/(-35))*2.
13
Suppose 0 = -c, 2*z + 3*c - 912 = 5*z. Calculate the remainder when -2 + -7 - (8 + z) is divided by 17.
15
Let v = -4315 - -4499. Calculate the remainder when v is divided by 42.
16
Suppose -3*i + 623 = -478. Let m = i - 215. Calculate the remainder when m is divided by 14.
12
Let q(g) = -g**3 + 8*g**2 - 12*g + 1. Let v be q(6). What is the remainder when v/(-2) - (1 + 297/(-6)) is divided by 15?
3
Suppose -327*k + 11*k = 782*k - 104310. Let h(b) = -b. What is the remainder when k is divided by h(-8)?
7
Suppose 0 = -2*w + o + 438, 3*o = -4*w + 832 + 54. Suppose 20277064*d - 20277087*d + 46 = 0. Calculate the remainder when w is divided by d.
0
Suppose 3 = -5*q - 2, r + 2*q = 11. Let t(g) = -13 - 39 + 12*g + 12. What is the remainder when t(r) is divided by 13?
12
Suppose 13*r - 20 = 8*r. Suppose 14 = 4*y - t, 3*t + 0 + 10 = r*y. What is the remainder when (34/y - -2)/((-3)/(-6)) is divided by 6?
3
What is the remainder when 14/35*-5 - (-241)/1 is divided by 9?
5
Let h = -56 + 80. Suppose -c = 5*c - h. Suppose -4*b - b + c*v = -102, 8 = 4*v. What is the remainder when 40 is divided by b?
18
Calculate the remainder when (80/(-360) + (-710)/(-36))*1744/24 is divided by 294.
241
Let j = -2311 - -2425. Calculate the remainder when 361 is divided by j.
19
Let c(f) = -9*f**2 + 152*f - 191. What is the remainder when c(15) is divided by 36?
28
Suppose a = -6, -4*z + 1169 = 5*a - 993. What is the remainder when z is divided by 296?
252
Let i = -2330 + 2368. What is the remainder when 232 is divided by i?
4
Suppose 3*h - 2471*k - 167 = -2475*k, -104 = -2*h + k. Let d be ((-2)/5)/((-3)/210). Suppose -100 = -4*j - d. Calculate the remainder when h is divided by j.
17
Let z = -322 - -332. Suppose -z*y - y = -198. What is the remainder when 33 is divided by y?
15
Suppose -3*l + i + 298 = 0, 5*i - 165 = -2*l + 28. What is the remainder when 20392 is divided by l?
97
Let i(v) = v**2 + v + 16. Suppose 335*d = -270*d + 30855. What is the remainder when d is divided by i(0)?
3
Suppose -4*u + 648 - 20 = -4*i, u - 169 = 4*i. Suppose -5*t + 1 = -l + 55, -5*t + u = 2*l. Let w = -1717 + 1741. What is the remainder when l is divided by w?
21
Let t(f) = -20*f + 8. Calculate the remainder when t(-19) is divided by 2*(-2)/((-24)/390).
63
Let n = -30337 - -30359. Calculate the remainder when 61 is divided by n.
17
Let v(m) = -3*m - 1. Let o be v(-1). Suppose -t + 15 = -92*l + 96*l, 2*l + 5*t - 21 = 0. Let n = o + l. What is the remainder when 5 is divided by n?
0
Suppose -4*o - 272 = -4*w, -2*o = -w + 19 + 43. Calculate the remainder when 1182 is divided by w.
72
Let w = 72 + -32. Let n(i) = 3*i**2 - 206*i - 879. What is the remainder when n(73) is divided by w?
30
Let o = -236 + 238. Suppose 0 = 2*r - 6 + o. Calculate the remainder when r is divided by 2.
0
Suppose 12*r = 29*r - 153. Let x(b) = b**3 - 10*b**2 + 10*b - 13. Let f be x(10). Let p = 130 - f. What is the remainder when p is divided by r?
7
Let m(i) = 2*i**2 - 24*i + 125. Calculate the remainder when m(14) is divided by (1/(-4) - 1)*-76.
86
What is the remainder when 445 is divided by (-24)/(-5)*(-6)/(-8)*(-2375)/(-285)?
25
Let y = -17 + -39. Let w = y - -58. Suppose 124 = 2*h + 2*u, -2*h - w*u + 116 = 2*u. What is the remainder when h is divided by 18?
12
Let b = 112 - 106. Let m(w) = 15*w - 63. What is the remainder when ((-158)/6)/((-1)/3) is divided by m(b)?
25
Let n(i) = -i**2 + 7*i + 12. Let y = -93 + 97. What is the remainder when n(y) is divided by 10?
4
Suppose 1 - 106 = -5*v. Suppose 4*r = 3*h + 661, 1386*r - 1390*r = -h - 663. Calculate the remainder when r is divided by v.
19
Suppose -u = l - 75, -l = 4*l - 5*u - 325. Calculate the remainder when l is divided by (-12 + -3)*(-378)/270.
7
Suppose 57*r - 199 = -679 + 5952. Let i be -1*7*-2 + -2. Let l = 26 - i. Calculate the remainder when r is divided by l.
12
Let a = 2103 - 2002. Calculate the remainder when 176 is divided by a.
75
Let s(x) be the third derivative of -x**6/120 + x**5/4 - 5*x**4/8 + 5*x**3/2 - 65*x**2. What is the remainder when s(11) is divided by 48?
46
Let l(d) = d**2 + 29*d + 106. Let z be l(-25). Let t(n) = 59*n - 122. What is the remainder when t(z) is divided by 26?
24
Let g(l) = -l**2 + 34*l + 179. Let h be g(24). Let c = h + -331. Calculate the remainder when c is divided by 39.
10
Let m(y) = -1397*y + 5779. What is the remainder when 395 is divided by m(4)?
13
Let v = -485 + 551. What is the remainder when 642 is divided by v?
48
Suppose -j = -32 + 15. Suppose -2*r - j = -11. Calculate the remainder when ((-2)/r)/1 + (-12006)/(-54) is divided by 14.
13
Let l be (-17)/(-7) + -2 + 372/(-84). What is the remainder when (185*6)/6 - (l + 2) is divided by 38?
35
What is the remainder when 102 is divided by 7*3/(3/4)?
18
Let s(k) = -k**2 + 2*k + 7. Let r be s(3). Suppose 0 = 3*u - r - 2. What is the remainder when 21 + 2*(-4)/u is divided by 8?
1
Suppose -3080 = 75*q - 61*q. Let b = q - -376. Calculate the remainder when b is divided by 53.
50
Suppose -46 = -2*l - 4*m, 5*l - 137 = -3*m - 43. Suppose -3*x + 676 = -37*k - 39, -3*x + 171 = -3*k. Calculate the remainder when x is divided by l.
7
Let t = 513 + -513. Suppose t = -12*m + 337 - 1. What is the remainder when 83 is divided by m?
27
Let d = 1724 - 1707. What is the remainder when 4128 is divided by d?
14
Let s(m) = 3*m**3 - 68*m**2 + 47*m - 5. What is the remainder when 658 is divided by s(22)?
48
Let q = -253 - -275. Suppose -127*l = -115*l - 744. What is the remainder when l is divided by q?
18
Let h = 15390 + -14928. What is the remainder when 1432 is divided by h?
46
Suppose -341 = 12*o - 821. Calculate the remainder when 4/(-18) + (-713)/(-9) is divided by o.
39
What is the remainder when 318 is divided by 51 - (-37 + 19) - -4?
26
Let q(y) = -y**2 - 84*y + 652. Calculate the remainder when 137 is divided by q(7).
2
Let d be 2 + (-39)/15 - 46/(-10). Let c be d/10 - (-64)/(-10). Calculate the remainder when 114 is divided by c/15 + 441/15.
27
Let o be (14/4 + -3)/(1/(-80)). What is the remainder when 58 is divided by (75/20)/(-4 + (-166)/o)?
8
Suppose -2*h + 69*j - 68*j + 125 = 0, -j = -3*h + 185. What is the remainder when 226 is divided by h?
46
Let c = 136 - 84. Suppose 0 = i - j - 25, 10 + c = 2*i + 4*j. Let d = 48 + -34. Calculate the remainder when i is divided by d.
13
What is the remainder when (70/(-22) + (-80)/(-440) - 2437)/(-2) is divided by 48?
20
Suppose -4*j = 2*a - 31 - 29, -2 = -a. Let m be 2 + (3/6 - (-327)/6). Suppose -m = 39*l - 42*l. What is the remainder when l is divided by j?
5
Let d = -1171 + 647. Let p = -502 - d. What is the remainder when p is divided by 14?
8
Suppose 3*t - 2*t = -2*o - 3, 5*o + 4*t + 9 = 0. Let p = 9 - o. Suppose 4*u = f + 3*u - 41, 0 = -5*f + u + 193. Calculate the remainder when f is divided by p.
8
Suppose -5*i + 355 = 5*d + 255, -64 = -3*i + d. Let a = 994 - -12. Calculate the remainder when a is divided by i.
19
Let k(b) = -b**2 + 19*b - 35. Let i be k(7). Let s be -1 + 0 + 3 + 37. Let r = i - s. What is the remainder when 17 is divided by r?
7
Suppose 2*f + 0*f + 40 = 4*m, -8 = -2*m. Let c(d) = -d**2 + 5*d + 84. Let i be c(10). Calculate the remainder when 151 is divided by (f/(-10))/(i/1445).
49
Let w = -18135 + 18149. Let o(s) = 29*s**2 - 7*s - 6. Calculate the remainder when o(-4) is divided by w.
10
Calculate the remainder when 487 is divided by ((-5)/(-8))/((1519/(-248))/(-49)).
2
Let x(s) = s**3 + 41*s**2 - 40*s + 140. Let a(m) = -m**3 + 2*m**2 + 9*m - 12. Let j be a(5). What is the remainder when 221 is divided by x(j)?
53
Suppose 7*w = -6*w + 19*w - 162. Calculate the remainder when 46 is divided by w.
19
Suppose -223 = -5*y + r - 5*r, y + 4*r = 35. Let s = 1962 + -1946. What is the remainder when y is divided by s?
15
What is the remainder when 1556316/(-765)*10/(-8) is divided by 19?
16
Let v be (-28)/(-6) + 90/(-135).